 q = v - -266. Is q composite?
True
Let i be 4 + (-19)/((-38)/224). Suppose 4*h - 3*u - 5246 = -4*u, 0 = -5*h - 2*u + 6559. Suppose -h = -l - i. Is l a prime number?
False
Let v(a) = 6*a**3 + 8*a**3 + a**2 - 5 - 2*a**3 - 2*a**3 - 2*a**3 - 7*a. Is v(11) composite?
False
Suppose 0 = -3*m - 5*x + 1813156, -939*x - 5 = -934*x. Is m prime?
False
Let h = 373 + -496. Let n = 2054 + h. Is n prime?
True
Let f be (4/(-6))/(384/(-126) + 3). Suppose 0 = 2*m - 2, 2*j + 5*m = f - 3. Suppose 6*t = -j*t + 12033. Is t prime?
False
Let s = -35 + 38. Suppose s = 7*b - 25. Suppose 0 = -b*z + 3*d + 76, -2*d = -5*z + d + 95. Is z a prime number?
True
Let w = 890 + -885. Suppose -w*s = -5*b - 50045, -16*s + 40032 = -12*s - 2*b. Is s a composite number?
False
Let c = -161456 + 226317. Is c prime?
False
Let x(f) = -1518*f - 15. Let z be x(-1). Suppose g - 1900 = z. Is g prime?
False
Suppose -2*c + 2 = -2. Suppose -5*h - 14 = -c*n + 5, 2*n - 2*h - 10 = 0. Suppose -4*t + 3*b = -1013, -3*t + 524 = -t + n*b. Is t prime?
True
Let q(v) = v + v**2 - 5 + 1 - 2*v**2 + 3. Let j(l) = -252*l**2 - 6*l + 21. Let h(c) = -j(c) + 4*q(c). Is h(4) composite?
True
Let d(x) be the second derivative of 535*x**4/24 - 3*x**3/2 + 25*x**2/2 - 21*x. Let b(c) be the first derivative of d(c). Is b(2) prime?
True
Let c(m) = -m**3 + m**2 + 6*m + 2. Let a be c(3). Is ((-6)/a)/(-3)*127941/11 prime?
False
Suppose 23*v - 4*b = 26*v - 65511, 4*b = 24. Is v composite?
True
Let m(b) = 35*b**2 - 485*b - 149. Is m(102) composite?
True
Let z(t) = -347*t**2 + 8*t + 7. Let p be z(-3). Let f = p - -5457. Is f a composite number?
True
Suppose -13*o = 16*o - 4465739. Is o composite?
False
Let i be 2/(-7) + 16/7. Let h(g) = -3*g + 8. Let c be h(i). Is 0 - ((5 - c) + -658) prime?
False
Suppose 0 = 14*v - 1420992 - 380990. Is v prime?
False
Let i be (-2)/5 + (-6698191)/335. Let m = -9652 - i. Is m prime?
True
Suppose -3*h = -7*h + 363680. Suppose 9*b = b + h. Is b a prime number?
False
Suppose -80615 = -5*f + 28*f. Let q = 6094 + f. Is q a composite number?
True
Let t = -29809 + 57111. Suppose -6*d - 10844 = -t. Is d composite?
True
Suppose -6*y + 2*h + 2869452 = 0, -y + 3*y - 4*h = 956494. Is y prime?
True
Is (-2*48135)/(-6) - -12 a composite number?
False
Suppose -2*h + 414 = -20*h. Let n(u) = -u**3 - 25*u**2 - 47*u - 23. Let g be n(h). Suppose -3*a - 2*a + c + 8423 = 0, -a + 5*c + 1675 = g. Is a prime?
False
Suppose -5986 = 10*k - 11*k. Suppose -o - 2*i + 5979 = 0, -2*i - k = -o + 3*i. Is o a prime number?
True
Suppose 0 = 2*y - 7*y + 25. Suppose 66 = -b - 5*p, -y = -4*p + 11. Let w = -33 - b. Is w a prime number?
True
Suppose 0 = 3*b - 3*x - 23457, -15636 = 20*b - 22*b + x. Is b a prime number?
True
Let b be 8/(-12) - 33/(-9). Suppose 3*q + 2*s = -273, 0 = 5*q + b*s + 423 + 33. Let d = q + 190. Is d composite?
False
Let x(c) = 2*c**3 + 7*c + 32. Let w be x(-6). Let n = 789 + 30. Let l = w + n. Is l prime?
False
Let p(i) = -196*i**2 - 2*i - 40. Let o be p(-15). Is 5 + o/(-8) - (-1)/4 a composite number?
False
Suppose -15 = 3*x + 2*x. Let y be (-8292)/3 - (5 + (-6 - x)). Is 1/(-5) - y/5 a composite number?
True
Suppose -14*g + 210 = -13*g. Suppose 2*s - 3*r + g - 4066 = 0, -s + 2*r + 1927 = 0. Is s prime?
True
Let c be (-7875461)/(-705) - (-2)/15. Suppose -4*j + c - 4535 = 4*r, 3*j - 4973 = -r. Is j a composite number?
False
Suppose -h + 1815 = -3*i - 592, -5*h + i = -12021. Let x = -1317 + h. Is x a prime number?
True
Suppose -6 = 49*y - 51*y, -2*f - 5*y = -94001. Is f a composite number?
False
Let t be 4/(-12) - (1 - (-76)/(-12)). Suppose 0 = 3*p + 5*y - 4076, -2*y + 574 = -t*p + 7419. Is p a prime number?
True
Let h be (3 + -7)/8 - 75/(-6). Let a(l) = 4*l**3 + l**2 + 19*l - 43. Is a(h) a composite number?
True
Let d be 134/(-22) - 8/(-88). Is 1427 + -2 + -2*(-6)/d a composite number?
False
Suppose -102584 = -2*w + 146650 + 495548. Is w a composite number?
True
Let z(t) = 551*t**2 + 5*t - 5*t - 74*t**2 + 0*t + 6*t + 32. Is z(5) a composite number?
False
Let x = 210052 - 74909. Is x prime?
False
Let h(n) = -2*n**2 + 30*n - 81. Let q(b) = 2*b**2 - 31*b + 82. Let j(v) = -4*h(v) - 3*q(v). Is j(29) a prime number?
True
Let l(u) = 258*u**2 + 23*u - 733. Is l(28) a composite number?
False
Let p(o) = 2*o**3 + 14*o**2 + 6*o - 4. Let u be p(-6). Is u/(-24) + 8/6 + 253 a prime number?
False
Suppose 0 = -5*r + 7*r. Let s be (1 - 278)*(3 + r - 7). Let a = s - -1. Is a a composite number?
False
Let u(n) = 4*n**3 - 18*n**2 - 14*n - 7. Let f be u(10). Let l = -1174 + f. Is l a composite number?
True
Suppose 4*s = -5*v + 508 + 675, -s - 3 = 0. Let t = 6586 - v. Is t composite?
True
Suppose 41*a = 43*a - 50. Let p = a + -24. Is 31 - (-4 + (p + 1 - 0)) prime?
False
Let p(j) = j**3 - 7*j**2 + 13*j - 2. Let k be p(4). Suppose 2*u = -3*s + 6 - 3, 0 = -k*s + 5*u + 21. Suppose -6395 = -2*y - s*y. Is y prime?
True
Let p(t) be the second derivative of 3*t**3/2 + 1685*t**2/2 + 30*t - 1. Is p(0) prime?
False
Let q be 12/102 + (-369782)/(-17). Let r = q + -5605. Is r prime?
False
Let o be (0 - -41)/(2/16). Let p = -382 - -499. Let s = o - p. Is s prime?
True
Suppose -16*j + 1076445 = -523267. Is j a prime number?
False
Is 126/(-84) - 418/8*-5226 prime?
False
Let k = -397 - -12. Let g = 678 + k. Is g composite?
False
Let n(m) = 4051*m - 25. Let q be n(12). Suppose 0 = -3*g - 4*f + q, -f - 5 = -10. Suppose 8*u - g = 9915. Is u a composite number?
True
Let j(w) = 76751*w**3 + 4*w - 4. Let f be j(1). Suppose 16*p - 13*p + f = 4*t, 4*t = -5*p + 76743. Is t a composite number?
True
Let d be ((-10)/(-3))/(10/15). Let b(y) = 2*y + 119*y**2 - d*y + 3*y. Is b(-1) a composite number?
True
Let h(d) = 62*d**2 + 15 + d + 9*d + 14 - 46. Is h(2) prime?
True
Let k(s) = 3*s**2 - 25*s - 11. Let t(p) = -p**2 - 141*p + 1 + 74*p + 67*p. Let v(r) = -k(r) - 6*t(r). Is v(-13) composite?
True
Let g = -15 + 11. Let j(m) = 5*m + 6. Let r be j(-3). Is (g/6)/(r/13581) + 1 a composite number?
True
Let a(d) = 2*d - 6. Let m be a(1). Let j = 327 + m. Is j a composite number?
True
Is ((-12419495)/110)/((-5)/50) prime?
False
Let f(u) = -120265*u + 12. Is f(-1) a composite number?
False
Let q(u) = 21182*u - 4385. Is q(48) a prime number?
False
Suppose 3*k + n - 13 = 0, 2*k + 5 = 3*n - 1. Suppose 3*g = -k*g + 1896. Suppose 4*d + 0*d = g. Is d prime?
True
Suppose c + 4*v - 14 = 0, -c + 5*v = 10*v - 19. Is c/(-4) + 236676/24 a composite number?
True
Let y be (-784)/(-16)*(-21)/3. Let n = 4 - y. Is n a prime number?
True
Suppose -40*b - 2*r + 512851 = -37*b, 0 = 2*b + 3*r - 341904. Is b composite?
True
Let f(k) = -k**3 + 88*k**2 - 132*k + 1557. Is f(80) composite?
False
Suppose 0 = 5*p - 7*p + 2488. Let d be (-26)/((40/(-45))/4). Let t = d + p. Is t a prime number?
True
Let o = -9 + 2. Let d be (-59)/o + (-3)/(-42)*-6. Suppose 8*n - 1488 = -d. Is n prime?
False
Let y = -123712 + 250466. Is y composite?
True
Let b = -43 + 49. Suppose -3*g + j = -1005, -3*j + 1345 = 4*g - b*j. Suppose 2*v - 1020 = -5*q, 2*q - 60 = 2*v + g. Is q composite?
True
Let t(n) = -n - 966. Let u(q) = 3. Let p(w) = -1. Let f(y) = 2*p(y) + u(y). Let h(z) = f(z) - t(z). Is h(0) a composite number?
False
Suppose -153 - 223 = -4*b. Let i(q) = -147*q - 7 + 20*q - b*q + 10*q. Is i(-6) composite?
False
Let j(c) = 8803*c**3 + 8*c**2 - 4*c - 108. Is j(5) composite?
False
Suppose -34683094 + 2671729 = -127*b + 4*b. Is b prime?
False
Let v(t) = -9*t + 170. Let a be v(18). Suppose 10737 = a*g - 19799. Is g a composite number?
True
Suppose 3951273 = 70*i - 1022717. Is i composite?
True
Suppose 6*w + 2*w - 5029384 = 0. Is w composite?
False
Let a = -49149 - -4092. Let d = -27236 - a. Is d a composite number?
True
Let k = 42 + -22. Suppose -21*g - 3 = -k*g. Let u(t) = -370*t + 5. Is u(g) a prime number?
False
Let h = 138 + -59. Let d = h - 73. Suppose -541 = -d*q + 317. Is q composite?
True
Let s = -14020 + 22001. Is s prime?
False
Let o(a) be the first derivative of 2070*a**2 - 17*a - 36. Is o(2) composite?
False
Suppose 7*m = 54 - 82. Is m*((-398265)/28)/15 a prime number?
True
Is (-2 + 3)*35046/2 - 2 a prime number?
False
Let u be (-1150)/(-150) + (-1)/(0 + -3). Is ((-92)/u)/((-3)/18) a prime number?
False
Suppose 4*d - 182389 = -7*f + 5972138, -d + 2637648 = 3*f. Is f a composite number?
True
Let s(z) = -z**3 - 8*